uppose 3*h = u - 1825, -71*u + 76*u = 5*h + 9075. Calculate the greatest common factor of 50 and u.
10
Suppose 56*h - 52*h + 3*n - 190 = 0, -5*h + 3*n + 278 = 0. Calculate the greatest common divisor of h and 1586.
26
Let a(f) = 2*f**3 + 14*f**2 - f + 7. Let l be a(-6). What is the greatest common factor of 136 and l?
17
Let b be ((-92225)/255)/(-2 + 10/6). What is the greatest common divisor of b and 35?
35
Let y = 1192 + -1118. What is the highest common divisor of 7622 and y?
74
Let c(s) = 22*s - 162. Let m be c(7). Let t be m/5*7/(-28)*135. Calculate the greatest common factor of t and 414.
18
Suppose -2*s = -2*s - 41*s + 25584. What is the greatest common factor of 96 and s?
48
Suppose -3*m = -5*i, -4*m + 2*i - 3 = -17. Suppose 53 = r - 3*a, m*a - a + 58 = r. What is the greatest common factor of 38 and r?
38
Let t be 20/(7 + ((-90)/(-4))/(-5)). Let d be -16*1/4*-5. Suppose -4 - d = -2*y. What is the greatest common factor of t and y?
4
Suppose -4*m = -v + 30, v + 1688*m - 33 = 1689*m. Calculate the greatest common divisor of v and 1615.
17
Let m(g) = 7*g + 52. Let x be m(-6). Suppose 3*u = 5*v - 1746, -x = 3*u - 4. What is the greatest common factor of v and 29?
29
Let y = 4499 + -4404. Calculate the highest common divisor of 6365 and y.
95
Let j = -104 + -97. Let z = 349 + j. Calculate the greatest common factor of z and 4.
4
Let o(n) = 4407*n + 183. Let y be o(1). What is the highest common divisor of y and 51?
51
Suppose -19*q + 15 = 205. Let r be 439*(-2)/(-2) - (q - -14). Calculate the highest common factor of r and 15.
15
Let c = 1337 + -799. Let x = c - 288. Calculate the highest common factor of 20 and x.
10
Let q(x) be the second derivative of x**3/6 - x**2 - x - 43. Let u be 119/28 - (-1)/(-4). Let f be q(u). What is the greatest common divisor of 10 and f?
2
Let c(x) = -30*x - 41. Let r be c(-5). Let f = r + -107. What is the highest common divisor of 54 and f?
2
Let k(m) = m - 3. Let f be k(8). Let q(n) = 17 - 13 - 10 + n**3 - f*n**2 + 3*n. Let u be q(6). What is the greatest common divisor of 12 and u?
12
Let j(a) = -a**3 - a**2 - 5*a - 1. Let w be j(-5). Let b = 30686 - 30682. Calculate the highest common divisor of b and w.
4
Let m = -4118 - -4132. Let s = -8 + 12. Let d be (-14)/s*(0 - 32). What is the greatest common factor of d and m?
14
Suppose 6*n - 5 = 11*n, 0 = 2*u + n - 419. Calculate the greatest common factor of u and 480.
30
Suppose 4*d + 0*d = -188. Let s = d + 39. Let g(c) = c**2 + 5*c - 22. Let t be g(s). What is the highest common divisor of t and 5?
1
Let r = 358 + -213. Suppose -27*y - 693 = -2259. What is the highest common factor of y and r?
29
Suppose v = -3 + 9. Suppose -v*b - 336 = -13*b. Let x be 1349/114 - (-2)/12. What is the greatest common factor of b and x?
12
Suppose -388 - 422 = -5*o. Suppose -9*m = -6*m - o. Suppose 6*j = 8*j - m. What is the greatest common divisor of 9 and j?
9
Suppose 38*t - 24*t = 0. Let a be (t - 1) + 2 - (8 + -73). What is the greatest common divisor of 165 and a?
33
Suppose 404 = 65*a - 2911. Calculate the greatest common factor of 1479 and a.
51
Let a(y) = y**2 - 16*y - 135. Let n = 117 - 124. Let u be a(n). What is the highest common divisor of u and 26?
26
Let t(z) = 2*z**3 + 31*z**2 + 39*z - 20. Let f be t(-11). What is the highest common divisor of 120 and f?
40
Let x(s) = -s**3 + 6*s**2 + 4*s + 7. Let j be x(5). Suppose 0 = -14*u + 13*u - 19. Let h = j + u. Calculate the highest common divisor of 44 and h.
11
Let m be 1 - (-6)/((-30)/(-25)). Suppose -229 = m*c - 445. What is the highest common factor of 180 and c?
36
Let m = 99 - -257. Let y = m - 100. What is the highest common factor of y and 16?
16
Let p = -432 - -555. Suppose 4*k = -4*x + 84, -2*k + 18 = x - 8. Suppose -230 - x = -6*w. What is the greatest common factor of w and p?
41
Let s be 6/(-8) - (-8722)/56. Let w = 170 - s. Calculate the highest common factor of w and 120.
15
Let r = -31 + 37. Suppose 0 = -r*f - 0*f + 108. Suppose f*b = 8*b + 150. Calculate the greatest common factor of b and 20.
5
Let l = 3 - 21. Let f be (-18)/243 + (-2384)/(-108). Let n = l + f. Calculate the greatest common divisor of 32 and n.
4
Suppose 11*a - 245 + 25 = 0. Suppose -4*p = l + 13 - 68, -4*l - a = 0. What is the greatest common divisor of p and 240?
15
Let f = 376572 - 376569. Let i = 4 + -12. Let s(c) = -c**3 - 7*c**2 + 8*c + 3. Let r be s(i). What is the greatest common factor of f and r?
3
Let z be (12/15)/(2/10). Let o be 50/z - 3/6. Suppose 0 = 40*w - 17*w - 88 + 19. Calculate the highest common factor of o and w.
3
Suppose 3*n + 3*r - 18 = 8*r, 2*r + 5 = n. What is the highest common factor of 6523 and n?
11
Suppose -3*z = 3*r + 447, 4*r = 6*r - z + 289. Let u = -38 - r. Suppose 5*i - 175 + 40 = 0. Calculate the highest common divisor of i and u.
27
Let f be -3 - (-12 - (-2662)/(-2)). What is the greatest common divisor of 100 and f?
20
Suppose -23*r = -24*r + 5*f + 7597, 5*r - 3*f - 38007 = 0. What is the greatest common divisor of r and 42?
42
Suppose -2*w - 1092 = -4*v, -2*w + 305 = v + 32. Let k = v - 140. What is the greatest common divisor of k and 19?
19
Suppose -2*w + 4 = -20. Suppose 90 = w*j - 6*j. What is the highest common divisor of j and 375?
15
Suppose d - 4*n = 60, -108 = -2*d - 94*n + 98*n. What is the highest common factor of 104 and d?
8
Suppose 60*q + 151*q + 86 = 4728. Let y be ((-9)/6 - -1)*-4. Calculate the greatest common divisor of q and y.
2
Let p be -3 + (-5 - 0) + 325. Let l = 97 - 41. Suppose -p = -3*v - l. Calculate the greatest common factor of v and 58.
29
Let j(x) = -x**3 - 7*x**2 + 24*x + 79. Let d be j(-9). What is the highest common factor of d and 225?
25
Let k = 430 - 173. Let x = 342 - k. Calculate the highest common factor of 68 and x.
17
Suppose 0 = s + s - 110. Let c be (-5 + 4)/((-4)/88*-1). Let l(z) = -10*z - 209. Let x be l(c). What is the greatest common divisor of x and s?
11
Let r(v) = 3*v**2 + 2*v + 11. Let p be r(4). Let k = 71 - p. Suppose -15 = -5*b + k*b. Calculate the greatest common factor of 3 and b.
3
Suppose 5035*x = 5023*x + 100800. What is the highest common factor of x and 70?
70
Let q(s) = -22*s + 15. Let g be q(-31). Suppose 5*o - g = 348. Calculate the highest common divisor of o and 38.
19
Suppose -363 = 3*i + 10*s - 7*s, -5*s = -i - 127. Let u = 183 + i. Suppose -r - u = -4*l, 5*l + 17 - 82 = 5*r. What is the highest common divisor of 208 and l?
16
Let y be 16 + (-2 - -5)*-1. Let j = y + 5. Let n be 2/8 + 5030/40. What is the highest common divisor of j and n?
18
Let u = -3148 - -3481. Calculate the greatest common factor of 925 and u.
37
Let v = 569 + -227. Let b = 387 - v. Calculate the greatest common factor of b and 25.
5
Suppose 11*l + 22862 = 82*l. Suppose -220 = -5*j + 2*v - 7*v, 80 = 2*j - 2*v. What is the greatest common factor of j and l?
14
Let d be (-3640)/(-980) + 4/10*(-5)/(-7). Let p(a) = a**2 - 2*a - 14. Let m be p(-8). What is the highest common factor of d and m?
2
Suppose 4*m - 6*p - 74 = -4*p, m - 13 = -5*p. Suppose -3 - m = -t. Let o = t - -5. Calculate the greatest common factor of o and 26.
26
Let r be 178 - ((-180)/(-225))/((-2)/(-25)). Calculate the highest common factor of 16296 and r.
168
Let k be 39 + -26 - (1/(-3) - (-130)/30). Calculate the highest common factor of k and 152.
1
Let f(m) = -45*m - 602. Let o be f(-14). Calculate the greatest common factor of 27944 and o.
28
Suppose -750 = 40*d - 38*d. Let w = -345 - d. Calculate the highest common factor of w and 345.
15
Let r = -328 - -350. Suppose 4*f - f + 3 = 0, 0 = -5*v - 3*f + 327. Calculate the greatest common divisor of r and v.
22
Let v(d) = -d**3 - 8*d**2 + 7*d - 15. Suppose -7*z - 62 = 1. Let s be v(z). Suppose c + s*c - 160 = 0. What is the greatest common factor of c and 20?
20
Let o(u) = 16*u**2 - 8*u - 48. Let t be o(-8). Let z = t + -1019. Let g(x) = -x**3 + x**2 + x + 7. Let v be g(0). What is the highest common divisor of z and v?
7
Let u be (-4)/14*-169 + 16/(-56). Let b = u - -69. Calculate the greatest common divisor of 156 and b.
39
Suppose 2*y + 416 - 855 = -417. Suppose -2*p = -216 - 158. Calculate the greatest common divisor of p and y.
11
Let c = -55 + 58. Suppose 6*f - c*f = 27. Let u be (f + 1)*(10 + -2 + -2). What is the highest comm